(1/1 - 20) + 7. What is the hundreds digit of g(d)?
8
Let l(d) be the second derivative of -80*d**3/3 - d**2 + 42*d. What is the hundreds digit of l(-2)?
3
What is the units digit of 39092/8 + (-576)/128?
2
Let q be 1/(-4) - (-52)/16. Suppose q*b - 5*p + 37 = -p, -p + 58 = -4*b. What is the tens digit of (-6)/9 + (-445)/b?
2
Let r(c) = -c**3 - 7*c**2 - 11*c - 5. Let k be r(-5). Suppose x + 176 - 774 = k. What is the hundreds digit of x?
5
Suppose 3*i - 901 = -0*c + 2*c, -2*i = -3*c - 1349. Let w = 3157 + c. What is the hundreds digit of 14/(-91) + w/26?
1
Let o be -1 + (-6 - -6) - 3/(-1). Suppose 3*m + 4*j = 300, 4*m - 419 = -o*j + 3*j. What is the hundreds digit of m?
1
Let l(u) = 16*u**2 + 30*u - 268. What is the thousands digit of l(-32)?
5
Let r(n) = n**3 + 2*n**2 - n + 1. Let s(a) = 5*a**3 + 12*a**2 + 2*a - 1. Suppose -i + 3 = 7. Let l(g) = i*r(g) + s(g). What is the hundreds digit of l(4)?
1
Suppose 14*l - 310232 = -15*l - 23*l. What is the units digit of l?
6
Let c(a) = -a**3 - 14*a**2 - 25*a - 3. Let r(v) = 2*v**2 - 15*v + 6. Let k be r(6). What is the units digit of c(k)?
9
Suppose -1004 = 2*k - 3*b, 0 = 5*k + 20*b - 19*b + 2493. Let d = 150 - k. What is the hundreds digit of d?
6
Let w(t) = -t**3 + t**2 - t - 36. Let g be w(0). Suppose -81*s = -77*s + 80. Let v = s - g. What is the tens digit of v?
1
Let j(g) = -30*g**3 - 5*g**2 - g - 2. Let q be j(-2). Suppose q + 389 = 3*u. What is the units digit of u?
3
Let z = 124 + -130. Let u be ((-2)/z)/((-3)/(-3546)). Suppose u = -11*h + 2429. What is the hundreds digit of h?
1
Suppose 60283 + 29312 = 15*m. Suppose 0 = -15*s + m + 297. What is the tens digit of s?
1
Let v(s) = s**2 - 12*s - 34. Let a be v(14). Let o be (-10 + 7)*8/a. Suppose -4*m + o*b + 504 = 0, 3*m + b = -4*b + 346. What is the units digit of m?
2
Let t be -8*(136/(-16) - 3/6). Suppose 0 = 64*v - t*v + 3952. What is the hundreds digit of v?
4
Let x = 54 - 17. Let d = 35 - x. What is the tens digit of (3 + 0)*(d - -3) + 58?
6
Suppose 39*t = 78*t - 423774. What is the units digit of t?
6
Suppose -28*b + 23*b + 10 = 0. Suppose -b*f + 62 = -224. Let v = 213 - f. What is the tens digit of v?
7
Let k(o) = o**2 + 15*o + 15. Let a be k(-14). What is the hundreds digit of 203/a + (1 - 5)?
1
Suppose 0 = 61*z - 60*z + 5*g - 39182, -3*g = 27. What is the ten thousands digit of z?
3
Suppose 0 = -203*s + 199*s + 65300. What is the hundreds digit of s?
3
Let c = 164 + -288. Let q = c - -133. Suppose -q*p - 31 = -634. What is the tens digit of p?
6
Let u = 21933 - 10082. What is the tens digit of u?
5
Let j(s) = -69*s**2 + 11*s - 8. Let x be j(-4). Let u = -424 - x. What is the units digit of u?
2
Suppose 0 = -3*a + 2*m + 2 + 11, -4*m - 6 = -2*a. Let r be (1 + 20)*(-4)/(-14). Suppose 0 = a*z - r*z + 31. What is the tens digit of z?
3
Let k(w) = 7*w**2 - 2. Let c = 28 - 63. Let r = c - -38. What is the tens digit of k(r)?
6
Let g = -468 + 4726. What is the hundreds digit of g?
2
Let u(r) = 15044*r**2 - 2*r - 2. What is the ten thousands digit of u(1)?
1
Suppose r - 2929 = -d, 16*d - 2*r + 2928 = 17*d. What is the hundreds digit of d?
9
Let b be -5*(2/(-3))/((-50)/(-210)). Suppose 10*c - b*c - 5*f = -368, 2*f - 276 = -3*c. What is the tens digit of c?
9
Let p(g) = 9*g - 5. Let f be p(1). Let o be 155/(4 - 14/f). Suppose 3*v - 7*v - o = -5*l, 0 = l - v - 63. What is the tens digit of l?
5
Suppose 0 = -3*x + 2*k + 229, 2*x - 5*k = x + 85. What is the tens digit of -3*1 - 16/(-6)*x?
9
Let i(a) = 15*a**3 - 5*a + 3*a**2 - 15 + 14 - 6*a**3 - 3*a**3. What is the units digit of i(3)?
3
Suppose 2*s + 42984 = 3*c - 9364, 34936 = 2*c + 4*s. What is the thousands digit of c?
7
Let u be 14*-12 + -35 + 29. What is the units digit of (34/51)/((-1)/u)?
6
Suppose -198*z + 193*z + 4980 = 0. Suppose 3*q = 3*i - z, -1872 + 211 = -5*i + 4*q. What is the units digit of i?
3
Let a = 30 - 27. Suppose -2*z = -k - 11, a*k = 2*z - 2*k - 23. Let t(l) = -l**2 + 6*l + 2. What is the units digit of t(z)?
0
Let k = -20 + 178. Let w = k + -68. What is the units digit of w?
0
Suppose 300 = -21*j + j. What is the hundreds digit of (-6339)/j - (-36)/(-60)?
4
Let b(i) = -3*i - 33. Let z be b(-11). Suppose -6*a + 6 = -2*a - 3*n, a - 5*n + 7 = z. What is the units digit of (69 - 0/a)/(2/6)?
7
Let v(k) = -2*k - 7. Let p be v(-5). What is the units digit of (0 - (-171)/(-6))/(p/(-40))?
0
Suppose 5*v - 2*a - 112237 = 0, v + 2*v - 67329 = -a. What is the units digit of v?
5
Let c(f) be the third derivative of -f**4/8 - 9*f**3 - 37*f**2. Let p be c(-16). What is the hundreds digit of 0*p/(-36) - (-110 - 0)?
1
Let y = 77718 + -43993. What is the hundreds digit of y?
7
Let u(k) = -7*k**3 + 37*k**2 + 29*k - 56. Let f(c) = 4*c**3 - 18*c**2 - 15*c + 28. Let t(g) = 5*f(g) + 3*u(g). What is the thousands digit of t(14)?
1
Suppose -5*q = -5, 29*q - 23499 = -3*u + 26*q. What is the units digit of u?
2
Let w(g) = -g**3 - 2*g**2 + 3*g + 2. Let l be w(-5). Let z = -62 + l. Suppose 12*j - 10*j - 180 = z. What is the units digit of j?
0
Let z(h) = 23*h**2 - 8*h + 5. Let t(x) = 5*x + 14. Let f be t(-2). What is the tens digit of z(f)?
4
Suppose -2*i - 4*o + 5784 = -4808, i + 5*o - 5314 = 0. What is the tens digit of i?
8
Let g(v) = -3*v + 10 - 47 + 16*v - 1. What is the units digit of g(3)?
1
Let i(u) = -u + 1. Let c(r) = -r + 1. Let p(h) = -14*h + 25. Let a(d) = 2*c(d) - p(d). Let b(w) = 2*a(w) + 4*i(w). What is the tens digit of b(7)?
9
Let t(w) = -4*w**2 + 335*w - 60. What is the units digit of t(23)?
9
Let p(x) be the first derivative of -19*x**2/2 + 3*x - 6. Let h = 347 - 353. What is the tens digit of p(h)?
1
What is the units digit of (-2)/(-3)*-9*7/(91/(-42146))?
2
Suppose 2197*b - 56574 = 2188*b. What is the thousands digit of b?
6
Suppose -4*a + 1934 = 3*c - 5390, -c + 3*a = -2437. What is the hundreds digit of c?
4
Let o(j) = -j**3 - 18*j**2 - 13*j + 140. Let l be o(-15). Let v = l - -550. What is the hundreds digit of v?
2
Let m(s) be the first derivative of 16*s**2 + 79*s - 199. What is the hundreds digit of m(5)?
2
Let d(k) = k**2 - 54*k - 11. Let t be d(-13). Let u = 1392 - t. What is the units digit of u?
2
Let d = 13 + -9. What is the hundreds digit of (4*d/32)/((-1)/(-1012))?
5
Suppose l = 4*t - 2175, -3*t + 2*l = -2113 + 488. Suppose -220 = 2*c - 890. Let o = t - c. What is the hundreds digit of o?
2
Suppose -5*d - 21720 = -4*s, 5*s - 3*d = 18375 + 8775. What is the units digit of s?
0
Let j be (-2)/6 + ((-331)/(-3))/1. Let s = 173 - j. Suppose 0 = b + 3*p - 30, -s + 167 = 4*b + 4*p. What is the tens digit of b?
2
Suppose -3*v - 43240 = -5*s - 4835, 5*v = 3*s - 23059. What is the units digit of s?
8
Let b = 588 - 587. What is the units digit of (-75)/30*b*-18?
5
Let w(g) = -g - 4. Let h be w(-3). Let f(p) be the second derivative of 21*p**4/4 - p**3/3 - 39*p. What is the units digit of f(h)?
5
Suppose 47*c + 24*c - 3263657 = 0. What is the ten thousands digit of c?
4
Let k = -23 + 33. Let f(h) = 3*h - 33. Let s be f(k). Let a(j) = -j**3 - j**2 - j - 4. What is the tens digit of a(s)?
1
Let g = -79 - -95. Let q(l) = 31*l - 2*l + 7 + 8 - g. What is the tens digit of q(3)?
8
Let c(p) = 58*p**2 + 2. Let k(w) = -w**2 + 9*w - 22. Let r be k(5). Let g be c(r). Suppose 480 + g = 6*u. What is the units digit of u?
9
Let v(o) = -2*o**3 + 28*o**2 - 10*o + 269. What is the thousands digit of v(-15)?
3
Let s(n) = 5*n**2 - 2*n - 18. Let c be s(12). Suppose -13*p + 466 = -c. What is the tens digit of p?
8
Let q be (-154)/(-30) + (-2)/15. Suppose 0 = -2*i - i + 4*j + 24, -q*i - j + 40 = 0. What is the hundreds digit of 145 + 3/2*i/(-12)?
1
Suppose 17*w - 8*w = -8*w + 252892. What is the thousands digit of w?
4
Let o be (0 - -1 - 1)/(2 - 0). Suppose o*l + 4 = 2*l. Suppose 0 = -l*t - 0*t + 274. What is the hundreds digit of t?
1
Suppose 124*r - 259806 = 105*r. What is the tens digit of r?
7
Let a = 1429 - 2154. Let p be 1/((-5)/a*5). Suppose 0 = -3*o - 2*k + 194, p = o - 5*k - 30. What is the tens digit of o?
6
Suppose -5*t + 88187 = u, 5*u = -2*t + 6*u + 35272. What is the ten thousands digit of t?
1
Let t(s) = 236*s + 12. Let p = 13 + -15. Let g be t(p). Let o = -272 - g. What is the tens digit of o?
8
Let c(v) = -v**3 - 8*v**2 - 2*v - 10. Suppose -p + 32 = -5*p. Let z be c(p). Suppose -z*h